{"id":1601,"date":"2019-05-09T10:02:19","date_gmt":"2019-05-09T09:02:19","guid":{"rendered":"http:\/\/citemomes.fr\/?page_id=1601"},"modified":"2021-02-24T12:36:39","modified_gmt":"2021-02-24T11:36:39","slug":"gestion-de-projets-culturels","status":"publish","type":"page","link":"https:\/\/particuliers.citemomes.fr\/index.php\/gestion-de-projets-culturels\/","title":{"rendered":"Gestion de projets culturels"},"content":{"rendered":"\t\t<div data-elementor-type=\"wp-page\" data-elementor-id=\"1601\" class=\"elementor elementor-1601\">\n\t\t\t\t\t\t<section class=\"elementor-section elementor-top-section elementor-element elementor-element-2e1e71bd elementor-section-boxed elementor-section-height-default elementor-section-height-default\" data-id=\"2e1e71bd\" data-element_type=\"section\">\n\t\t\t\t\t\t<div class=\"elementor-container elementor-column-gap-default\">\n\t\t\t\t\t<div class=\"elementor-column elementor-col-100 elementor-top-column elementor-element elementor-element-bea45db\" data-id=\"bea45db\" data-element_type=\"column\">\n\t\t\t<div class=\"elementor-widget-wrap elementor-element-populated\">\n\t\t\t\t\t\t<div class=\"elementor-element elementor-element-4aa88fe6 elementor-widget elementor-widget-text-editor\" data-id=\"4aa88fe6\" data-element_type=\"widget\" data-widget_type=\"text-editor.default\">\n\t\t\t\t<div class=\"elementor-widget-container\">\n\t\t\t\t\t\t\t<p style=\"text-align: center;\"><strong><em>Cit\u00e9m\u00f4mes<\/em><\/strong> vous accompagne dans la gestion de vos projets culturels et vous aide \u00e0 atteindre vos objectifs, coordonnant et assurant la <span style=\"text-decoration: underline;\">direction artistique<\/span> de l&#8217;ensemble au fil des diff\u00e9rentes \u00e9tapes de r\u00e9alisation.<\/p><p style=\"text-align: center;\">\u00a0<\/p><p><strong><em><span style=\"text-decoration: underline;\">Des exemples de projets\u00a0accompagn\u00e9s par Cit\u00e9m\u00f4mes<\/span> :<\/em><\/strong><\/p><p><strong>Nina et la Pelote Magique : <\/strong><em>Festival Renaissances\u00a0<\/em> \u00e0 Bar le Duc (2017)<\/p><p>\u2013 Parcours et jeu de piste autour d&#8217;une histoire sc\u00e9naris\u00e9e par nos soins (plus de renseignements juste <a href=\"https:\/\/tricoteunsourire.com\/2017\/07\/26\/festival-a-bar-le-duc-2-nina-et-la-pelote-magique\/\">ici<\/a>)<\/p><p><strong>500 ans de la Ville du Havre :\u00a0<\/strong><\/p><p>\u2013 Yarn bombing dans les rues de Sanvic : projet artistique et f\u00e9d\u00e9rateur avec les habitants du quartier (plus de renseignements juste <a href=\"https:\/\/tricoteunsourire.com\/tag\/sanvic\/\">ici<\/a>)<\/p><p>\u00a0<\/p><p style=\"text-align: center;\"><em>Vous souhaitez b\u00e9n\u00e9ficier de notre accompagnement\u00a0et de notre exp\u00e9rience en mati\u00e8re de gestion de projets \u00a0? \u2028N\u2019h\u00e9sitez pas \u00e0 nous contacter, par t\u00e9l\u00e9phone ou par mail, afin de discuter ensemble de vos besoins !<\/em><\/p><p style=\"text-align: center;\">\u00a0<\/p>\t\t\t\t\t\t<\/div>\n\t\t\t\t<\/div>\n\t\t\t\t\t<\/div>\n\t\t<\/div>\n\t\t\t\t\t<\/div>\n\t\t<\/section>\n\t\t\t\t<\/div>\n\t\t","protected":false},"excerpt":{"rendered":"<p>Cit\u00e9m\u00f4mes vous accompagne dans la gestion de vos projets culturels et vous aide \u00e0 atteindre vos objectifs, coordonnant et assurant la direction artistique de l&#8217;ensemble au fil des diff\u00e9rentes \u00e9tapes de r\u00e9alisation. \u00a0 Des exemples de projets\u00a0accompagn\u00e9s par Cit\u00e9m\u00f4mes : Nina et la Pelote Magique : Festival Renaissances\u00a0 \u00e0 Bar le Duc (2017) \u2013 Parcours&hellip; <a href=\"https:\/\/particuliers.citemomes.fr\/index.php\/gestion-de-projets-culturels\/\" class=\"more-link\">Lire la suite <span class=\"screen-reader-text\">Gestion de projets culturels<\/span><\/a><\/p>\n","protected":false},"author":1,"featured_media":0,"parent":0,"menu_order":0,"comment_status":"closed","ping_status":"closed","template":"","meta":[],"yoast_head":"<!-- This site is optimized with the Yoast SEO plugin v20.0 - https:\/\/yoast.com\/wordpress\/plugins\/seo\/ -->\n<title>Gestion de projets culturels -<\/title>\n<meta name=\"robots\" content=\"index, follow, max-snippet:-1, max-image-preview:large, max-video-preview:-1\" \/>\n<link rel=\"canonical\" href=\"https:\/\/particuliers.citemomes.fr\/index.php\/gestion-de-projets-culturels\/\" \/>\n<meta property=\"og:locale\" content=\"fr_FR\" \/>\n<meta property=\"og:type\" content=\"article\" \/>\n<meta property=\"og:title\" content=\"Gestion de projets culturels -\" \/>\n<meta property=\"og:description\" content=\"Cit\u00e9m\u00f4mes vous accompagne dans la gestion de vos projets culturels et vous aide \u00e0 atteindre vos objectifs, coordonnant et assurant la direction artistique de l&#8217;ensemble au fil des diff\u00e9rentes \u00e9tapes de r\u00e9alisation. \u00a0 Des exemples de projets\u00a0accompagn\u00e9s par Cit\u00e9m\u00f4mes : Nina et la Pelote Magique : Festival Renaissances\u00a0 \u00e0 Bar le Duc (2017) \u2013 Parcours&hellip; Lire la suite Gestion de projets culturels\" \/>\n<meta property=\"og:url\" content=\"https:\/\/particuliers.citemomes.fr\/index.php\/gestion-de-projets-culturels\/\" \/>\n<meta property=\"article:modified_time\" content=\"2021-02-24T11:36:39+00:00\" \/>\n<meta name=\"twitter:card\" content=\"summary_large_image\" \/>\n<meta name=\"twitter:label1\" content=\"Dur\u00e9e de lecture estim\u00e9e\" \/>\n\t<meta name=\"twitter:data1\" content=\"1 minute\" \/>\n<script type=\"application\/ld+json\" class=\"yoast-schema-graph\">{\"@context\":\"https:\/\/schema.org\",\"@graph\":[{\"@type\":\"WebPage\",\"@id\":\"https:\/\/particuliers.citemomes.fr\/index.php\/gestion-de-projets-culturels\/\",\"url\":\"https:\/\/particuliers.citemomes.fr\/index.php\/gestion-de-projets-culturels\/\",\"name\":\"Gestion de projets culturels -\",\"isPartOf\":{\"@id\":\"http:\/\/particuliers.citemomes.fr\/#website\"},\"datePublished\":\"2019-05-09T09:02:19+00:00\",\"dateModified\":\"2021-02-24T11:36:39+00:00\",\"breadcrumb\":{\"@id\":\"https:\/\/particuliers.citemomes.fr\/index.php\/gestion-de-projets-culturels\/#breadcrumb\"},\"inLanguage\":\"fr-FR\",\"potentialAction\":[{\"@type\":\"ReadAction\",\"target\":[\"https:\/\/particuliers.citemomes.fr\/index.php\/gestion-de-projets-culturels\/\"]}]},{\"@type\":\"BreadcrumbList\",\"@id\":\"https:\/\/particuliers.citemomes.fr\/index.php\/gestion-de-projets-culturels\/#breadcrumb\",\"itemListElement\":[{\"@type\":\"ListItem\",\"position\":1,\"name\":\"Accueil\",\"item\":\"https:\/\/particuliers.citemomes.fr\/\"},{\"@type\":\"ListItem\",\"position\":2,\"name\":\"Gestion de projets culturels\"}]},{\"@type\":\"WebSite\",\"@id\":\"http:\/\/particuliers.citemomes.fr\/#website\",\"url\":\"http:\/\/particuliers.citemomes.fr\/\",\"name\":\"\",\"description\":\"D\u00e9couvrir, cr\u00e9er, r\u00eaver !\",\"potentialAction\":[{\"@type\":\"SearchAction\",\"target\":{\"@type\":\"EntryPoint\",\"urlTemplate\":\"http:\/\/particuliers.citemomes.fr\/?s={search_term_string}\"},\"query-input\":\"required name=search_term_string\"}],\"inLanguage\":\"fr-FR\"}]}<\/script>\n<!-- \/ Yoast SEO plugin. -->","yoast_head_json":{"title":"Gestion de projets culturels -","robots":{"index":"index","follow":"follow","max-snippet":"max-snippet:-1","max-image-preview":"max-image-preview:large","max-video-preview":"max-video-preview:-1"},"canonical":"https:\/\/particuliers.citemomes.fr\/index.php\/gestion-de-projets-culturels\/","og_locale":"fr_FR","og_type":"article","og_title":"Gestion de projets culturels -","og_description":"Cit\u00e9m\u00f4mes vous accompagne dans la gestion de vos projets culturels et vous aide \u00e0 atteindre vos objectifs, coordonnant et assurant la direction artistique de l&#8217;ensemble au fil des diff\u00e9rentes \u00e9tapes de r\u00e9alisation. \u00a0 Des exemples de projets\u00a0accompagn\u00e9s par Cit\u00e9m\u00f4mes : Nina et la Pelote Magique : Festival Renaissances\u00a0 \u00e0 Bar le Duc (2017) \u2013 Parcours&hellip; Lire la suite Gestion de projets culturels","og_url":"https:\/\/particuliers.citemomes.fr\/index.php\/gestion-de-projets-culturels\/","article_modified_time":"2021-02-24T11:36:39+00:00","twitter_card":"summary_large_image","twitter_misc":{"Dur\u00e9e de lecture estim\u00e9e":"1 minute"},"schema":{"@context":"https:\/\/schema.org","@graph":[{"@type":"WebPage","@id":"https:\/\/particuliers.citemomes.fr\/index.php\/gestion-de-projets-culturels\/","url":"https:\/\/particuliers.citemomes.fr\/index.php\/gestion-de-projets-culturels\/","name":"Gestion de projets culturels -","isPartOf":{"@id":"http:\/\/particuliers.citemomes.fr\/#website"},"datePublished":"2019-05-09T09:02:19+00:00","dateModified":"2021-02-24T11:36:39+00:00","breadcrumb":{"@id":"https:\/\/particuliers.citemomes.fr\/index.php\/gestion-de-projets-culturels\/#breadcrumb"},"inLanguage":"fr-FR","potentialAction":[{"@type":"ReadAction","target":["https:\/\/particuliers.citemomes.fr\/index.php\/gestion-de-projets-culturels\/"]}]},{"@type":"BreadcrumbList","@id":"https:\/\/particuliers.citemomes.fr\/index.php\/gestion-de-projets-culturels\/#breadcrumb","itemListElement":[{"@type":"ListItem","position":1,"name":"Accueil","item":"https:\/\/particuliers.citemomes.fr\/"},{"@type":"ListItem","position":2,"name":"Gestion de projets culturels"}]},{"@type":"WebSite","@id":"http:\/\/particuliers.citemomes.fr\/#website","url":"http:\/\/particuliers.citemomes.fr\/","name":"","description":"D\u00e9couvrir, cr\u00e9er, r\u00eaver !","potentialAction":[{"@type":"SearchAction","target":{"@type":"EntryPoint","urlTemplate":"http:\/\/particuliers.citemomes.fr\/?s={search_term_string}"},"query-input":"required name=search_term_string"}],"inLanguage":"fr-FR"}]}},"_links":{"self":[{"href":"https:\/\/particuliers.citemomes.fr\/index.php\/wp-json\/wp\/v2\/pages\/1601"}],"collection":[{"href":"https:\/\/particuliers.citemomes.fr\/index.php\/wp-json\/wp\/v2\/pages"}],"about":[{"href":"https:\/\/particuliers.citemomes.fr\/index.php\/wp-json\/wp\/v2\/types\/page"}],"author":[{"embeddable":true,"href":"https:\/\/particuliers.citemomes.fr\/index.php\/wp-json\/wp\/v2\/users\/1"}],"replies":[{"embeddable":true,"href":"https:\/\/particuliers.citemomes.fr\/index.php\/wp-json\/wp\/v2\/comments?post=1601"}],"version-history":[{"count":6,"href":"https:\/\/particuliers.citemomes.fr\/index.php\/wp-json\/wp\/v2\/pages\/1601\/revisions"}],"predecessor-version":[{"id":3054,"href":"https:\/\/particuliers.citemomes.fr\/index.php\/wp-json\/wp\/v2\/pages\/1601\/revisions\/3054"}],"wp:attachment":[{"href":"https:\/\/particuliers.citemomes.fr\/index.php\/wp-json\/wp\/v2\/media?parent=1601"}],"curies":[{"name":"wp","href":"https:\/\/api.w.org\/{rel}","templated":true}]}}

<div data-elementor-type="wp-page" data-elementor-id="1601" class="elementor elementor-1601">
						<section class="elementor-section elementor-top-section elementor-element elementor-element-2e1e71bd elementor-section-boxed elementor-section-height-default elementor-section-height-default" data-id="2e1e71bd" data-element_type="section">
						<div class="elementor-container elementor-column-gap-default">
					<div class="elementor-column elementor-col-100 elementor-top-column elementor-element elementor-element-bea45db" data-id="bea45db" data-element_type="column">
			<div class="elementor-widget-wrap elementor-element-populated">
						<div class="elementor-element elementor-element-4aa88fe6 elementor-widget elementor-widget-text-editor" data-id="4aa88fe6" data-element_type="widget" data-widget_type="text-editor.default">
				<div class="elementor-widget-container">
							<p style="text-align: center;"><strong><em>Citémômes</em></strong> vous accompagne dans la gestion de vos projets culturels et vous aide à atteindre vos objectifs, coordonnant et assurant la <span style="text-decoration: underline;">direction artistique</span> de l&#8217;ensemble au fil des différentes étapes de réalisation.</p><p style="text-align: center;"> </p><p><strong><em><span style="text-decoration: underline;">Des exemples de projets accompagnés par Citémômes</span> :</em></strong></p><p><strong>Nina et la Pelote Magique : </strong><em>Festival Renaissances </em> à Bar le Duc (2017)</p><p>– Parcours et jeu de piste autour d&#8217;une histoire scénarisée par nos soins (plus de renseignements juste <a href="https://tricoteunsourire.com/2017/07/26/festival-a-bar-le-duc-2-nina-et-la-pelote-magique/">ici</a>)</p><p><strong>500 ans de la Ville du Havre : </strong></p><p>– Yarn bombing dans les rues de Sanvic : projet artistique et fédérateur avec les habitants du quartier (plus de renseignements juste <a href="https://tricoteunsourire.com/tag/sanvic/">ici</a>)</p><p> </p><p style="text-align: center;"><em>Vous souhaitez bénéficier de notre accompagnement et de notre expérience en matière de gestion de projets  ?  N’hésitez pas à nous contacter, par téléphone ou par mail, afin de discuter ensemble de vos besoins !</em></p><p style="text-align: center;"> </p>						</div>
				</div>
					</div>
		</div>
					</div>
		</section>
				</div>

<p>Citémômes vous accompagne dans la gestion de vos projets culturels et vous aide à atteindre vos objectifs, coordonnant et assurant la direction artistique de l&#8217;ensemble au fil des différentes étapes de réalisation.   Des exemples de projets accompagnés par Citémômes : Nina et la Pelote Magique : Festival Renaissances  à Bar le Duc (2017) – Parcours&hellip; <a href="https://particuliers.citemomes.fr/index.php/gestion-de-projets-culturels/" class="more-link">Lire la suite <span class="screen-reader-text">Gestion de projets culturels</span></a></p>

<!-- This site is optimized with the Yoast SEO plugin v20.0 - https://yoast.com/wordpress/plugins/seo/ -->
<title>Gestion de projets culturels -</title>
<meta name="robots" content="index, follow, max-snippet:-1, max-image-preview:large, max-video-preview:-1" />
<link rel="canonical" href="https://particuliers.citemomes.fr/index.php/gestion-de-projets-culturels/" />
<meta property="og:locale" content="fr_FR" />
<meta property="og:type" content="article" />
<meta property="og:title" content="Gestion de projets culturels -" />
<meta property="og:description" content="Citémômes vous accompagne dans la gestion de vos projets culturels et vous aide à atteindre vos objectifs, coordonnant et assurant la direction artistique de l&#8217;ensemble au fil des différentes étapes de réalisation.   Des exemples de projets accompagnés par Citémômes : Nina et la Pelote Magique : Festival Renaissances  à Bar le Duc (2017) – Parcours&hellip; Lire la suite Gestion de projets culturels" />
<meta property="og:url" content="https://particuliers.citemomes.fr/index.php/gestion-de-projets-culturels/" />
<meta property="article:modified_time" content="2021-02-24T11:36:39+00:00" />
<meta name="twitter:card" content="summary_large_image" />
<meta name="twitter:label1" content="Durée de lecture estimée" />
	<meta name="twitter:data1" content="1 minute" />
<script type="application/ld+json" class="yoast-schema-graph">{"@context":"https://schema.org","@graph":[{"@type":"WebPage","@id":"https://particuliers.citemomes.fr/index.php/gestion-de-projets-culturels/","url":"https://particuliers.citemomes.fr/index.php/gestion-de-projets-culturels/","name":"Gestion de projets culturels -","isPartOf":{"@id":"http://particuliers.citemomes.fr/#website"},"datePublished":"2019-05-09T09:02:19+00:00","dateModified":"2021-02-24T11:36:39+00:00","breadcrumb":{"@id":"https://particuliers.citemomes.fr/index.php/gestion-de-projets-culturels/#breadcrumb"},"inLanguage":"fr-FR","potentialAction":[{"@type":"ReadAction","target":["https://particuliers.citemomes.fr/index.php/gestion-de-projets-culturels/"]}]},{"@type":"BreadcrumbList","@id":"https://particuliers.citemomes.fr/index.php/gestion-de-projets-culturels/#breadcrumb","itemListElement":[{"@type":"ListItem","position":1,"name":"Accueil","item":"https://particuliers.citemomes.fr/"},{"@type":"ListItem","position":2,"name":"Gestion de projets culturels"}]},{"@type":"WebSite","@id":"http://particuliers.citemomes.fr/#website","url":"http://particuliers.citemomes.fr/","name":"","description":"Découvrir, créer, rêver !","potentialAction":[{"@type":"SearchAction","target":{"@type":"EntryPoint","urlTemplate":"http://particuliers.citemomes.fr/?s={search_term_string}"},"query-input":"required name=search_term_string"}],"inLanguage":"fr-FR"}]}</script>
<!-- / Yoast SEO plugin. -->

Citémômes vous accompagne dans la gestion de vos projets culturels et vous aide à atteindre vos objectifs, coordonnant et assurant la direction artistique de l&#8217;ensemble au fil des différentes étapes de réalisation.   Des exemples de projets accompagnés par Citémômes : Nina et la Pelote Magique : Festival Renaissances  à Bar le Duc (2017) – Parcours&hellip; Lire la suite Gestion de projets culturels

Découvrir, créer, rêver !
