{"id":1614,"date":"2019-05-09T10:36:54","date_gmt":"2019-05-09T09:36:54","guid":{"rendered":"http:\/\/citemomes.fr\/?page_id=1614"},"modified":"2019-05-09T10:36:54","modified_gmt":"2019-05-09T09:36:54","slug":"tricote-un-sourire","status":"publish","type":"page","link":"https:\/\/particuliers.citemomes.fr\/index.php\/tricote-un-sourire\/","title":{"rendered":"Tricote un sourire"},"content":{"rendered":"<p>Depuis 2014,\u00a0nous nous int\u00e9ressons aux arts du fil avec diff\u00e9rents projet autour du tricot.\u00a0C\u2019est ainsi que nous avons lanc\u00e9 le projet <em><a href=\"https:\/\/tricoteunsourire.com\">Tricote un sourire<\/a><\/em>,\u00a0un projet fun et citoyen, dans lequel n\u2019importe qui peut participer \u00e0 la r\u00e9alisation d\u2019installations artistiques en tricot !\u00a0Nous intervenons toute l\u2019ann\u00e9e dans diff\u00e9rentes structures pour partager notre passion du tricot et du Yarn bombing !\u00a0Des tout-petits de la cr\u00e8che aux personnes seniors des EHPAD, nous d\u00e9sirons \u00e0 chaque passage ramener de la lumi\u00e8re et des sourires dans vos \u00e9tablissements.<\/p>\n<p>&nbsp;<\/p>\n<p>\u2013 <a href=\"https:\/\/tricoteunsourire.com\/pro\/atelier\/\">Les ateliers<\/a> : vous trouverez ici nos th\u00e8mes d\u2019ateliers ainsi que nos tarifs.<\/p>\n<p>\u2013 <a href=\"https:\/\/tricoteunsourire.com\/nos_prestations\/tricoteunsourire.com\/pro\/conference\">Les conf\u00e9rences<\/a> : la conf\u00e9rence \u00ab\u00a0Une histoire de fils dans nos villes\u00a0\u00bb pour d\u00e9couvrir ou red\u00e9couvrir le textile, le yarn-bombing\u2026<\/p>\n<p>\u2013 <a href=\"https:\/\/tricoteunsourire.com\/nos_prestations\/tricoteunsourire.com\/pro\/adopter-tableau\">\u00ab\u00a0Tricote-moi un tableau\u00a0\u00bb<\/a>\u00a0: un accompagnement personnalis\u00e9 dans la cr\u00e9ation de votre propre oeuvre en tricot.<\/p>\n<p>\u2013 <a href=\"https:\/\/tricoteunsourire.com\/nos_prestations\/tricoteunsourire.com\/pro\/sur-mesure\">Les projets sur-mesure<\/a> : un accompagnement personnalis\u00e9 dans le cr\u00e9ation de n\u2019importe quel projet tricot ! Ateliers d\u00e9couvertes ou initiatiques, installations\u2026 Tout est possible !<\/p>\n<p>\u2013 <a href=\"https:\/\/tricoteunsourire.com\/team-building-et-incentive\/\">Le team building<\/a> : des ateliers originaux pour renforcer la coh\u00e9sion au sein de vos \u00e9quipes ou r\u00e9compenser vos collaborateurs avec une pause cr\u00e9ative.<\/p>\n<p>\u2013 <a href=\"https:\/\/tricoteunsourire.com\/les-expositions\/\">Les expositions<\/a> : la possibilit\u00e9 d\u2019accueillir nos oeuvres en tricot au sein de votre structure le temps d\u2019une exposition !<\/p>\n<p>&nbsp;<\/p>\n<p style=\"text-align: center;\">\n<p style=\"text-align: center;\"><strong>Retrouvez l\u2019ensemble des projets tricot de l\u2019association pour votre structure sur notre site\u00a0<a href=\"https:\/\/tricoteunsourire.com\">https:\/\/tricoteunsourire.com<\/a>\u00a0(rubrique &#8220;<a href=\"https:\/\/tricoteunsourire.com\/nos_prestations\/\">pro<\/a>&#8221; !)<\/strong><\/p>\n<p style=\"text-align: center;\"><em>Vous pouvez \u00e9galement nous contacter par mail \u00e0 tricoteunsourire@<span class=\"skimlinks-unlinked\">gmail.com<\/span> pour plus d\u2019informations. Nous pourrons vous envoyer un devis pour la ou les prestations !<\/em><\/p>\n","protected":false},"excerpt":{"rendered":"<p>Depuis 2014,\u00a0nous nous int\u00e9ressons aux arts du fil avec diff\u00e9rents projet autour du tricot.\u00a0C\u2019est ainsi que nous avons lanc\u00e9 le projet Tricote un sourire,\u00a0un projet fun et citoyen, dans lequel n\u2019importe qui peut participer \u00e0 la r\u00e9alisation d\u2019installations artistiques en tricot !\u00a0Nous intervenons toute l\u2019ann\u00e9e dans diff\u00e9rentes structures pour partager notre passion du tricot et&hellip; <a href=\"https:\/\/particuliers.citemomes.fr\/index.php\/tricote-un-sourire\/\" class=\"more-link\">Lire la suite <span class=\"screen-reader-text\">Tricote un sourire<\/span><\/a><\/p>\n","protected":false},"author":1,"featured_media":0,"parent":0,"menu_order":0,"comment_status":"closed","ping_status":"closed","template":"","meta":[],"yoast_head":"<!-- This site is optimized with the Yoast SEO plugin v20.0 - https:\/\/yoast.com\/wordpress\/plugins\/seo\/ -->\n<title>Tricote un sourire -<\/title>\n<meta name=\"robots\" content=\"index, follow, max-snippet:-1, max-image-preview:large, max-video-preview:-1\" \/>\n<link rel=\"canonical\" href=\"https:\/\/particuliers.citemomes.fr\/index.php\/tricote-un-sourire\/\" \/>\n<meta property=\"og:locale\" content=\"fr_FR\" \/>\n<meta property=\"og:type\" content=\"article\" \/>\n<meta property=\"og:title\" content=\"Tricote un sourire -\" \/>\n<meta property=\"og:description\" content=\"Depuis 2014,\u00a0nous nous int\u00e9ressons aux arts du fil avec diff\u00e9rents projet autour du tricot.\u00a0C\u2019est ainsi que nous avons lanc\u00e9 le projet Tricote un sourire,\u00a0un projet fun et citoyen, dans lequel n\u2019importe qui peut participer \u00e0 la r\u00e9alisation d\u2019installations artistiques en tricot !\u00a0Nous intervenons toute l\u2019ann\u00e9e dans diff\u00e9rentes structures pour partager notre passion du tricot et&hellip; Lire la suite Tricote un sourire\" \/>\n<meta property=\"og:url\" content=\"https:\/\/particuliers.citemomes.fr\/index.php\/tricote-un-sourire\/\" \/>\n<meta name=\"twitter:card\" content=\"summary_large_image\" \/>\n<meta name=\"twitter:label1\" content=\"Dur\u00e9e de lecture estim\u00e9e\" \/>\n\t<meta name=\"twitter:data1\" content=\"1 minute\" \/>\n<script type=\"application\/ld+json\" class=\"yoast-schema-graph\">{\"@context\":\"https:\/\/schema.org\",\"@graph\":[{\"@type\":\"WebPage\",\"@id\":\"https:\/\/particuliers.citemomes.fr\/index.php\/tricote-un-sourire\/\",\"url\":\"https:\/\/particuliers.citemomes.fr\/index.php\/tricote-un-sourire\/\",\"name\":\"Tricote un sourire -\",\"isPartOf\":{\"@id\":\"http:\/\/particuliers.citemomes.fr\/#website\"},\"datePublished\":\"2019-05-09T09:36:54+00:00\",\"dateModified\":\"2019-05-09T09:36:54+00:00\",\"breadcrumb\":{\"@id\":\"https:\/\/particuliers.citemomes.fr\/index.php\/tricote-un-sourire\/#breadcrumb\"},\"inLanguage\":\"fr-FR\",\"potentialAction\":[{\"@type\":\"ReadAction\",\"target\":[\"https:\/\/particuliers.citemomes.fr\/index.php\/tricote-un-sourire\/\"]}]},{\"@type\":\"BreadcrumbList\",\"@id\":\"https:\/\/particuliers.citemomes.fr\/index.php\/tricote-un-sourire\/#breadcrumb\",\"itemListElement\":[{\"@type\":\"ListItem\",\"position\":1,\"name\":\"Accueil\",\"item\":\"https:\/\/particuliers.citemomes.fr\/\"},{\"@type\":\"ListItem\",\"position\":2,\"name\":\"Tricote un sourire\"}]},{\"@type\":\"WebSite\",\"@id\":\"http:\/\/particuliers.citemomes.fr\/#website\",\"url\":\"http:\/\/particuliers.citemomes.fr\/\",\"name\":\"\",\"description\":\"D\u00e9couvrir, cr\u00e9er, r\u00eaver !\",\"potentialAction\":[{\"@type\":\"SearchAction\",\"target\":{\"@type\":\"EntryPoint\",\"urlTemplate\":\"http:\/\/particuliers.citemomes.fr\/?s={search_term_string}\"},\"query-input\":\"required name=search_term_string\"}],\"inLanguage\":\"fr-FR\"}]}<\/script>\n<!-- \/ Yoast SEO plugin. -->","yoast_head_json":{"title":"Tricote un sourire -","robots":{"index":"index","follow":"follow","max-snippet":"max-snippet:-1","max-image-preview":"max-image-preview:large","max-video-preview":"max-video-preview:-1"},"canonical":"https:\/\/particuliers.citemomes.fr\/index.php\/tricote-un-sourire\/","og_locale":"fr_FR","og_type":"article","og_title":"Tricote un sourire -","og_description":"Depuis 2014,\u00a0nous nous int\u00e9ressons aux arts du fil avec diff\u00e9rents projet autour du tricot.\u00a0C\u2019est ainsi que nous avons lanc\u00e9 le projet Tricote un sourire,\u00a0un projet fun et citoyen, dans lequel n\u2019importe qui peut participer \u00e0 la r\u00e9alisation d\u2019installations artistiques en tricot !\u00a0Nous intervenons toute l\u2019ann\u00e9e dans diff\u00e9rentes structures pour partager notre passion du tricot et&hellip; Lire la suite Tricote un sourire","og_url":"https:\/\/particuliers.citemomes.fr\/index.php\/tricote-un-sourire\/","twitter_card":"summary_large_image","twitter_misc":{"Dur\u00e9e de lecture estim\u00e9e":"1 minute"},"schema":{"@context":"https:\/\/schema.org","@graph":[{"@type":"WebPage","@id":"https:\/\/particuliers.citemomes.fr\/index.php\/tricote-un-sourire\/","url":"https:\/\/particuliers.citemomes.fr\/index.php\/tricote-un-sourire\/","name":"Tricote un sourire -","isPartOf":{"@id":"http:\/\/particuliers.citemomes.fr\/#website"},"datePublished":"2019-05-09T09:36:54+00:00","dateModified":"2019-05-09T09:36:54+00:00","breadcrumb":{"@id":"https:\/\/particuliers.citemomes.fr\/index.php\/tricote-un-sourire\/#breadcrumb"},"inLanguage":"fr-FR","potentialAction":[{"@type":"ReadAction","target":["https:\/\/particuliers.citemomes.fr\/index.php\/tricote-un-sourire\/"]}]},{"@type":"BreadcrumbList","@id":"https:\/\/particuliers.citemomes.fr\/index.php\/tricote-un-sourire\/#breadcrumb","itemListElement":[{"@type":"ListItem","position":1,"name":"Accueil","item":"https:\/\/particuliers.citemomes.fr\/"},{"@type":"ListItem","position":2,"name":"Tricote un sourire"}]},{"@type":"WebSite","@id":"http:\/\/particuliers.citemomes.fr\/#website","url":"http:\/\/particuliers.citemomes.fr\/","name":"","description":"D\u00e9couvrir, cr\u00e9er, r\u00eaver !","potentialAction":[{"@type":"SearchAction","target":{"@type":"EntryPoint","urlTemplate":"http:\/\/particuliers.citemomes.fr\/?s={search_term_string}"},"query-input":"required name=search_term_string"}],"inLanguage":"fr-FR"}]}},"_links":{"self":[{"href":"https:\/\/particuliers.citemomes.fr\/index.php\/wp-json\/wp\/v2\/pages\/1614"}],"collection":[{"href":"https:\/\/particuliers.citemomes.fr\/index.php\/wp-json\/wp\/v2\/pages"}],"about":[{"href":"https:\/\/particuliers.citemomes.fr\/index.php\/wp-json\/wp\/v2\/types\/page"}],"author":[{"embeddable":true,"href":"https:\/\/particuliers.citemomes.fr\/index.php\/wp-json\/wp\/v2\/users\/1"}],"replies":[{"embeddable":true,"href":"https:\/\/particuliers.citemomes.fr\/index.php\/wp-json\/wp\/v2\/comments?post=1614"}],"version-history":[{"count":0,"href":"https:\/\/particuliers.citemomes.fr\/index.php\/wp-json\/wp\/v2\/pages\/1614\/revisions"}],"wp:attachment":[{"href":"https:\/\/particuliers.citemomes.fr\/index.php\/wp-json\/wp\/v2\/media?parent=1614"}],"curies":[{"name":"wp","href":"https:\/\/api.w.org\/{rel}","templated":true}]}}