{"id":452,"date":"2016-03-29T09:57:29","date_gmt":"2016-03-29T08:57:29","guid":{"rendered":"http:\/\/citemomes.fr\/?page_id=452"},"modified":"2022-09-07T12:27:14","modified_gmt":"2022-09-07T10:27:14","slug":"croque-ton-musee","status":"publish","type":"page","link":"https:\/\/particuliers.citemomes.fr\/index.php\/ateliers\/croque-ton-musee\/","title":{"rendered":"Atelier Croque ton mus\u00e9e (4-12 ans)"},"content":{"rendered":"\t\t<div data-elementor-type=\"wp-page\" data-elementor-id=\"452\" class=\"elementor elementor-452\">\n\t\t\t\t\t\t<section class=\"elementor-section elementor-top-section elementor-element elementor-element-1fc5e7f5 elementor-section-boxed elementor-section-height-default elementor-section-height-default\" data-id=\"1fc5e7f5\" data-element_type=\"section\">\n\t\t\t\t\t\t<div class=\"elementor-container elementor-column-gap-default\">\n\t\t\t\t\t<div class=\"elementor-column elementor-col-100 elementor-top-column elementor-element elementor-element-43cb1eff\" data-id=\"43cb1eff\" data-element_type=\"column\">\n\t\t\t<div class=\"elementor-widget-wrap elementor-element-populated\">\n\t\t\t\t\t\t<div class=\"elementor-element elementor-element-73e73284 elementor-widget elementor-widget-text-editor\" data-id=\"73e73284\" data-element_type=\"widget\" data-widget_type=\"text-editor.default\">\n\t\t\t\t<div class=\"elementor-widget-container\">\n\t\t\t\t\t\t\t<p style=\"text-align: center;\"><span style=\"color: #000000;\">V\u00e9ritable incontournable de la carte d&#8217;ateliers de <em><strong>Cit\u00e9m\u00f4mes<\/strong><\/em>, l&#8217;atelier\u00a0<strong><span style=\"color: #008080;\">&#8220;Croque ton mus\u00e9e !&#8221;<\/span>\u00a0<\/strong>est une\u00a0activit\u00e9\u00a0ludique et artistique \u00e0 la d\u00e9couverte des\u00a0<strong>mus\u00e9es de la M\u00e9tropole de Rouen<\/strong> et de leurs \u0153uvres.<\/span><br \/><span style=\"color: #000000;\">Munis d&#8217;un carnet de croquis, les\u00a0enfants partent \u00e0 la rencontre\u00a0d&#8217;un <span style=\"color: #008080;\"><strong>tableau<\/strong><\/span> ou d&#8217;une <span style=\"color: #008080;\"><strong>sculpture<\/strong><\/span> !<\/span><\/p><p style=\"text-align: center;\"><span style=\"color: #000000;\">\u00a0<\/span><\/p><p><img fetchpriority=\"high\" decoding=\"async\" src=\"http:\/\/citemomes.fr\/wp-content\/uploads\/2017\/04\/atelier-croque-musee1.jpg\" alt=\"atelier, activit\u00e9, enfant, cr\u00e9atif, culturel, Rouen, Cit\u00e9m\u00f4mes, ludique, mus\u00e9e\" width=\"1000\" height=\"1164\" \/><\/p><h3 style=\"text-align: left;\"><span style=\"color: #000000;\"><strong><span style=\"color: #008080;\">\u00a0<\/span><\/strong><\/span><\/h3><p style=\"text-align: center;\"><strong style=\"font-size: 18px; font-family: var( --e-global-typography-text-font-family ), Sans-serif; color: #000000; text-align: left;\"><span style=\"font-size: 18px; color: #008080;\">Comment \u00e7a se passe ?<\/span><\/strong><\/p><p style=\"text-align: center;\"><span style=\"color: #000000;\">\u00a0Un d\u00e9part du petit groupe depuis\u00a0l&#8217;association, une exploration du mus\u00e9e \u00e0 la recherche de l&#8217;oeuvre choisie et un retour dans l&#8217;atelier <em><strong>Cit\u00e9m\u00f4mes<\/strong><\/em> pour finaliser son oeuvre personnelle et prendre le go\u00fbter !<\/span><\/p><p style=\"text-align: center;\"><span style=\"color: #000000;\">\u00a0<\/span><\/p><p><img decoding=\"async\" src=\"http:\/\/citemomes.fr\/wp-content\/uploads\/2017\/04\/atelier-croque-musee3.jpg\" alt=\"atelier, activit\u00e9, enfant, cr\u00e9atif, culturel, Rouen, Cit\u00e9m\u00f4mes, ludique, mus\u00e9e\" width=\"1000\" height=\"1386\" \/><\/p><h3><span style=\"color: #008080;\"><b>\u00a0<\/b><\/span><\/h3><h3><span style=\"color: #008080;\"><b>Quand ?<\/b><\/span><\/h3><div><span style=\"color: #008080;\"><b>\u00a0<\/b><\/span><\/div><p style=\"text-align: center;\"><span style=\"color: #000000;\"><span style=\"color: #008080;\">\u2022<\/span>\u00a0Le\u00a0<strong>lundi<\/strong>\u00a0de <strong>14h30<\/strong> \u00e0 <strong>16h30<\/strong> pendant les vacances scolaires (voir rubrique <strong><span style=\"color: #008080;\"><a style=\"color: #008080;\" href=\"http:\/\/citemomes.fr\/agenda\/\">AGENDA<\/a><\/span><\/strong>\u00a0pour\u00a0les dates exactes).<\/span><\/p><p><span style=\"color: #000000;\"><span style=\"color: #008080;\">\u2022<\/span> Le mat\u00e9riel (blouses, carnets \u00e0 dessins, crayons, pastels, etc.) est enti\u00e8rement fourni par <em><strong>Cit\u00e9m\u00f4mes<\/strong><\/em>.<\/span><\/p><p style=\"text-align: center;\"><span style=\"color: #000000;\"><span style=\"color: #008080;\">\u2022<\/span> Les r\u00e9servations en amont (par t\u00e9l\u00e9phone, mail ou via<strong><span style=\"color: #008080;\"> <a style=\"color: #008080;\" href=\"https:\/\/www.helloasso.com\/associations\/citemomes\">HelloAsso<\/a><\/span><\/strong>) sont <span style=\"color: #008080;\"><strong>obligatoires<\/strong><\/span>.<\/span><\/p><p style=\"text-align: center;\"><span style=\"color: #000000;\"><span style=\"color: #008080;\">\u2022\u00a0<\/span>Le r\u00e8glement des ateliers et l&#8217;adh\u00e9sion \u00e0 l&#8217;association se font sur place par ch\u00e8que ou esp\u00e8ce ou en ligne via<strong><span style=\"color: #008080;\"> <a style=\"color: #008080;\" href=\"https:\/\/www.helloasso.com\/associations\/citemomes\">HelloAsso<\/a><\/span><\/strong>.<\/span><\/p><p style=\"text-align: center;\"><span style=\"color: #ffffff;\">h<\/span><\/p>\t\t\t\t\t\t<\/div>\n\t\t\t\t<\/div>\n\t\t\t\t\t<\/div>\n\t\t<\/div>\n\t\t\t\t\t<\/div>\n\t\t<\/section>\n\t\t\t\t<\/div>\n\t\t","protected":false},"excerpt":{"rendered":"<p>V\u00e9ritable incontournable de la carte d&#8217;ateliers de Cit\u00e9m\u00f4mes, l&#8217;atelier\u00a0&#8220;Croque ton mus\u00e9e !&#8221;\u00a0est une\u00a0activit\u00e9\u00a0ludique et artistique \u00e0 la d\u00e9couverte des\u00a0mus\u00e9es de la M\u00e9tropole de Rouen et de leurs \u0153uvres.Munis d&#8217;un carnet de croquis, les\u00a0enfants partent \u00e0 la rencontre\u00a0d&#8217;un tableau ou d&#8217;une sculpture ! \u00a0 \u00a0 Comment \u00e7a se passe ? \u00a0Un d\u00e9part du petit groupe depuis\u00a0l&#8217;association,&hellip; <a href=\"https:\/\/particuliers.citemomes.fr\/index.php\/ateliers\/croque-ton-musee\/\" class=\"more-link\">Lire la suite <span class=\"screen-reader-text\">Atelier Croque ton mus\u00e9e (4-12 ans)<\/span><\/a><\/p>\n","protected":false},"author":1,"featured_media":0,"parent":1233,"menu_order":0,"comment_status":"closed","ping_status":"closed","template":"","meta":[],"yoast_head":"<!-- This site is optimized with the Yoast SEO plugin v20.0 - https:\/\/yoast.com\/wordpress\/plugins\/seo\/ -->\n<title>Cit\u00e9m\u00f4mes - Atelier &quot;croque ton mus\u00e9e&quot;<\/title>\n<meta name=\"description\" content=\"V\u00e9ritable incontournable de la carte d&#039;ateliers de Cit\u00e9m\u00f4mes, l&#039;atelier &quot;Croque ton mus\u00e9e !&quot; est une activit\u00e9 ludique et artistique \u00e0 la d\u00e9couverte des mus\u00e9es de Rouen et de leurs \u0153uvres. Munis d&#039;un carnet de croquis, les enfants partent \u00e0 la rencontre d&#039;un tableau ou d&#039;une sculpture !\" \/>\n<meta name=\"robots\" content=\"index, follow, max-snippet:-1, max-image-preview:large, max-video-preview:-1\" \/>\n<link rel=\"canonical\" href=\"https:\/\/particuliers.citemomes.fr\/index.php\/ateliers\/croque-ton-musee\/\" \/>\n<meta property=\"og:locale\" content=\"fr_FR\" \/>\n<meta property=\"og:type\" content=\"article\" \/>\n<meta property=\"og:title\" content=\"Cit\u00e9m\u00f4mes - Atelier &quot;croque ton mus\u00e9e&quot;\" \/>\n<meta property=\"og:description\" content=\"V\u00e9ritable incontournable de la carte d&#039;ateliers de Cit\u00e9m\u00f4mes, l&#039;atelier &quot;Croque ton mus\u00e9e !&quot; est une activit\u00e9 ludique et artistique \u00e0 la d\u00e9couverte des mus\u00e9es de Rouen et de leurs \u0153uvres. Munis d&#039;un carnet de croquis, les enfants partent \u00e0 la rencontre d&#039;un tableau ou d&#039;une sculpture !\" \/>\n<meta property=\"og:url\" content=\"https:\/\/particuliers.citemomes.fr\/index.php\/ateliers\/croque-ton-musee\/\" \/>\n<meta property=\"article:modified_time\" content=\"2022-09-07T10:27:14+00:00\" \/>\n<meta property=\"og:image\" content=\"http:\/\/citemomes.fr\/wp-content\/uploads\/2017\/04\/atelier-croque-musee1.jpg\" \/>\n<meta name=\"twitter:card\" content=\"summary_large_image\" \/>\n<meta name=\"twitter:label1\" content=\"Dur\u00e9e de lecture estim\u00e9e\" \/>\n\t<meta name=\"twitter:data1\" content=\"2 minutes\" \/>\n<script type=\"application\/ld+json\" class=\"yoast-schema-graph\">{\"@context\":\"https:\/\/schema.org\",\"@graph\":[{\"@type\":\"WebPage\",\"@id\":\"https:\/\/particuliers.citemomes.fr\/index.php\/ateliers\/croque-ton-musee\/\",\"url\":\"https:\/\/particuliers.citemomes.fr\/index.php\/ateliers\/croque-ton-musee\/\",\"name\":\"Cit\u00e9m\u00f4mes - Atelier \\\"croque ton mus\u00e9e\\\"\",\"isPartOf\":{\"@id\":\"http:\/\/particuliers.citemomes.fr\/#website\"},\"datePublished\":\"2016-03-29T08:57:29+00:00\",\"dateModified\":\"2022-09-07T10:27:14+00:00\",\"description\":\"V\u00e9ritable incontournable de la carte d'ateliers de Cit\u00e9m\u00f4mes, l'atelier \\\"Croque ton mus\u00e9e !\\\" est une activit\u00e9 ludique et artistique \u00e0 la d\u00e9couverte des mus\u00e9es de Rouen et de leurs \u0153uvres. Munis d'un carnet de croquis, les enfants partent \u00e0 la rencontre d'un tableau ou d'une sculpture !\",\"breadcrumb\":{\"@id\":\"https:\/\/particuliers.citemomes.fr\/index.php\/ateliers\/croque-ton-musee\/#breadcrumb\"},\"inLanguage\":\"fr-FR\",\"potentialAction\":[{\"@type\":\"ReadAction\",\"target\":[\"https:\/\/particuliers.citemomes.fr\/index.php\/ateliers\/croque-ton-musee\/\"]}]},{\"@type\":\"BreadcrumbList\",\"@id\":\"https:\/\/particuliers.citemomes.fr\/index.php\/ateliers\/croque-ton-musee\/#breadcrumb\",\"itemListElement\":[{\"@type\":\"ListItem\",\"position\":1,\"name\":\"Accueil\",\"item\":\"https:\/\/particuliers.citemomes.fr\/\"},{\"@type\":\"ListItem\",\"position\":2,\"name\":\"NOS ATELIERS\",\"item\":\"http:\/\/particuliers.citemomes.fr\/index.php\/ateliers\/\"},{\"@type\":\"ListItem\",\"position\":3,\"name\":\"Atelier Croque ton mus\u00e9e (4-12 ans)\"}]},{\"@type\":\"WebSite\",\"@id\":\"http:\/\/particuliers.citemomes.fr\/#website\",\"url\":\"http:\/\/particuliers.citemomes.fr\/\",\"name\":\"\",\"description\":\"D\u00e9couvrir, cr\u00e9er, r\u00eaver !\",\"potentialAction\":[{\"@type\":\"SearchAction\",\"target\":{\"@type\":\"EntryPoint\",\"urlTemplate\":\"http:\/\/particuliers.citemomes.fr\/?s={search_term_string}\"},\"query-input\":\"required name=search_term_string\"}],\"inLanguage\":\"fr-FR\"}]}<\/script>\n<!-- \/ Yoast SEO plugin. -->","yoast_head_json":{"title":"Cit\u00e9m\u00f4mes - Atelier \"croque ton mus\u00e9e\"","description":"V\u00e9ritable incontournable de la carte d'ateliers de Cit\u00e9m\u00f4mes, l'atelier \"Croque ton mus\u00e9e !\" est une activit\u00e9 ludique et artistique \u00e0 la d\u00e9couverte des mus\u00e9es de Rouen et de leurs \u0153uvres. Munis d'un carnet de croquis, les enfants partent \u00e0 la rencontre d'un tableau ou d'une sculpture !","robots":{"index":"index","follow":"follow","max-snippet":"max-snippet:-1","max-image-preview":"max-image-preview:large","max-video-preview":"max-video-preview:-1"},"canonical":"https:\/\/particuliers.citemomes.fr\/index.php\/ateliers\/croque-ton-musee\/","og_locale":"fr_FR","og_type":"article","og_title":"Cit\u00e9m\u00f4mes - Atelier \"croque ton mus\u00e9e\"","og_description":"V\u00e9ritable incontournable de la carte d'ateliers de Cit\u00e9m\u00f4mes, l'atelier \"Croque ton mus\u00e9e !\" est une activit\u00e9 ludique et artistique \u00e0 la d\u00e9couverte des mus\u00e9es de Rouen et de leurs \u0153uvres. Munis d'un carnet de croquis, les enfants partent \u00e0 la rencontre d'un tableau ou d'une sculpture !","og_url":"https:\/\/particuliers.citemomes.fr\/index.php\/ateliers\/croque-ton-musee\/","article_modified_time":"2022-09-07T10:27:14+00:00","og_image":[{"url":"http:\/\/citemomes.fr\/wp-content\/uploads\/2017\/04\/atelier-croque-musee1.jpg"}],"twitter_card":"summary_large_image","twitter_misc":{"Dur\u00e9e de lecture estim\u00e9e":"2 minutes"},"schema":{"@context":"https:\/\/schema.org","@graph":[{"@type":"WebPage","@id":"https:\/\/particuliers.citemomes.fr\/index.php\/ateliers\/croque-ton-musee\/","url":"https:\/\/particuliers.citemomes.fr\/index.php\/ateliers\/croque-ton-musee\/","name":"Cit\u00e9m\u00f4mes - Atelier \"croque ton mus\u00e9e\"","isPartOf":{"@id":"http:\/\/particuliers.citemomes.fr\/#website"},"datePublished":"2016-03-29T08:57:29+00:00","dateModified":"2022-09-07T10:27:14+00:00","description":"V\u00e9ritable incontournable de la carte d'ateliers de Cit\u00e9m\u00f4mes, l'atelier \"Croque ton mus\u00e9e !\" est une activit\u00e9 ludique et artistique \u00e0 la d\u00e9couverte des mus\u00e9es de Rouen et de leurs \u0153uvres. Munis d'un carnet de croquis, les enfants partent \u00e0 la rencontre d'un tableau ou d'une sculpture !","breadcrumb":{"@id":"https:\/\/particuliers.citemomes.fr\/index.php\/ateliers\/croque-ton-musee\/#breadcrumb"},"inLanguage":"fr-FR","potentialAction":[{"@type":"ReadAction","target":["https:\/\/particuliers.citemomes.fr\/index.php\/ateliers\/croque-ton-musee\/"]}]},{"@type":"BreadcrumbList","@id":"https:\/\/particuliers.citemomes.fr\/index.php\/ateliers\/croque-ton-musee\/#breadcrumb","itemListElement":[{"@type":"ListItem","position":1,"name":"Accueil","item":"https:\/\/particuliers.citemomes.fr\/"},{"@type":"ListItem","position":2,"name":"NOS ATELIERS","item":"http:\/\/particuliers.citemomes.fr\/index.php\/ateliers\/"},{"@type":"ListItem","position":3,"name":"Atelier Croque ton mus\u00e9e (4-12 ans)"}]},{"@type":"WebSite","@id":"http:\/\/particuliers.citemomes.fr\/#website","url":"http:\/\/particuliers.citemomes.fr\/","name":"","description":"D\u00e9couvrir, cr\u00e9er, r\u00eaver !","potentialAction":[{"@type":"SearchAction","target":{"@type":"EntryPoint","urlTemplate":"http:\/\/particuliers.citemomes.fr\/?s={search_term_string}"},"query-input":"required name=search_term_string"}],"inLanguage":"fr-FR"}]}},"_links":{"self":[{"href":"https:\/\/particuliers.citemomes.fr\/index.php\/wp-json\/wp\/v2\/pages\/452"}],"collection":[{"href":"https:\/\/particuliers.citemomes.fr\/index.php\/wp-json\/wp\/v2\/pages"}],"about":[{"href":"https:\/\/particuliers.citemomes.fr\/index.php\/wp-json\/wp\/v2\/types\/page"}],"author":[{"embeddable":true,"href":"https:\/\/particuliers.citemomes.fr\/index.php\/wp-json\/wp\/v2\/users\/1"}],"replies":[{"embeddable":true,"href":"https:\/\/particuliers.citemomes.fr\/index.php\/wp-json\/wp\/v2\/comments?post=452"}],"version-history":[{"count":29,"href":"https:\/\/particuliers.citemomes.fr\/index.php\/wp-json\/wp\/v2\/pages\/452\/revisions"}],"predecessor-version":[{"id":5211,"href":"https:\/\/particuliers.citemomes.fr\/index.php\/wp-json\/wp\/v2\/pages\/452\/revisions\/5211"}],"up":[{"embeddable":true,"href":"https:\/\/particuliers.citemomes.fr\/index.php\/wp-json\/wp\/v2\/pages\/1233"}],"wp:attachment":[{"href":"https:\/\/particuliers.citemomes.fr\/index.php\/wp-json\/wp\/v2\/media?parent=452"}],"curies":[{"name":"wp","href":"https:\/\/api.w.org\/{rel}","templated":true}]}}